n factor of c and 12.
12
Suppose 31*c - 34*c - 4*b + 100 = 0, c - 48 = -5*b. Suppose q - 218 = -5*d, 0 = -2*d + d + q + 46. Calculate the highest common factor of c and d.
4
Suppose -f + 2863 = -o, -5*o + 5 = -20. What is the highest common factor of 12 and f?
12
Let p = -1025 + 1045. What is the highest common divisor of 2360 and p?
20
Let c(d) = -2*d**2 - 105*d + 2912. Let w be c(20). Suppose -17 = -4*q + 7. Let y be (-8)/12 + 292/q. Calculate the highest common divisor of y and w.
12
Let i = -129 + 145. Let a(p) = -9*p - 100. Let r be a(-12). Calculate the greatest common divisor of r and i.
8
Suppose -4*x - 4*d + 391 = -533, 12 = 4*d. Suppose -3*v + 22 = -5*j, -v - 2*j - 75 + 119 = 0. What is the greatest common divisor of x and v?
12
Let m be (-2)/(-45)*-9*-8020. Calculate the greatest common divisor of m and 24.
8
Suppose -5*n - 2 + 22 = 0. Suppose n*s = 2*s + 900. Let q be 43 - (5 - 36/3). Calculate the greatest common divisor of s and q.
50
Suppose -k + 10 = -20. Suppose 49*d - 29*d - 1200 = 0. Calculate the highest common divisor of d and k.
30
Let o(z) = -z**2 + z + 190. Let j be o(0). Suppose 116 = 3*d + n, -165*d - 2*n = -160*d - 192. Calculate the greatest common divisor of d and j.
10
Let u be 8/(-2*3/(-30)). Let w = 8 + 20. Let z = -18 + w. What is the greatest common factor of u and z?
10
Let d(h) = 41*h + 700. Let x be d(-17). What is the greatest common divisor of 57 and x?
3
Let h = 5723 + -3801. What is the highest common divisor of 6 and h?
2
Let b be 8 + 55515/9 + (-1)/3. What is the highest common factor of 64 and b?
32
Suppose 5*y - 3*m - 241 = 0, -39 + 176 = 3*y + 2*m. What is the greatest common factor of 2303 and y?
47
Let f = 1 - -7. Suppose -2*r - y - 5 = 2*y, 4*y + f = -2*r. Suppose -r*x + 23 = 5. Calculate the greatest common factor of 9 and x.
9
Let f(c) = -20*c + 265. Let x be f(10). Suppose -v + d + 50 = 0, -2*v + 14*d - 19*d + x = 0. Calculate the highest common factor of 35 and v.
5
Let k be (-392)/1372 - (-2 - (-128)/(-7)). Calculate the highest common divisor of 8180 and k.
20
Let p(x) = -6*x**2 + 4*x + 9. Let c be p(5). Let b = 80 + c. Let r = b + 54. Calculate the highest common factor of r and 104.
13
Let a = 571 + -379. What is the greatest common divisor of a and 3792?
48
Let k(m) = -2*m**2 + 4. Let i be k(2). Let z be (20/6)/((-9 - i)/(-135)). Calculate the greatest common divisor of z and 210.
30
Suppose 29841 = -29*q + 232*q. Calculate the greatest common factor of q and 273.
21
Let g = -18645 - -18685. Let w = -132 + 252. Calculate the greatest common divisor of g and w.
40
Let u(r) = 223*r - 17843. Let m be u(81). Calculate the greatest common divisor of m and 53460.
220
Let z be (-2)/(-32) - 219596/(-832). What is the greatest common factor of 572 and z?
44
Suppose 28*t - 29 - 83 = 0. Suppose 2*n + 68 = -t*u + 6*u, -5*u - 5*n = -150. What is the greatest common factor of u and 704?
32
Let q(h) = 4*h**2 + 3*h - 2. Let y be q(3). Let r be (-3315)/(-7) - 60/105. What is the greatest common factor of r and y?
43
Suppose 4*j - 286 = -5*a, -19*a - 5*j = -629 - 519. Calculate the greatest common divisor of 21545 and a.
31
Suppose 4*b + 2*x - 302 = 3*x, 0 = -2*b - 5*x + 162. Let d = 25813 + -25718. What is the highest common factor of b and d?
19
Let p be (10/(-4))/(6/(-12)). Suppose 8*v - 13*v = -260. Let q be 3/(-18) - v/(-24) - -3. Calculate the greatest common factor of q and p.
5
Let k(h) = -h + 1. Let j be k(-4). Suppose 3 = -4*f + 8*f + j*z, -3 = -2*f - z. Let b be -1 + (f*-6)/(-4). Calculate the greatest common divisor of b and 3.
1
Suppose -10 = -3*j + j. Suppose -x + 345 = -j*q - 2*x, -2*x + 126 = -2*q. Let t = q - -97. What is the greatest common divisor of 87 and t?
29
Suppose -5*z = -2*j + 15, 4*z + 31 - 19 = 0. Suppose j = -240*y + 257*y - 1190. What is the greatest common factor of 77 and y?
7
Suppose -2*v - h = -253, 15*v + 5*h - 1558 = 327. What is the greatest common factor of 4154 and v?
62
Let u be (-2)/(14/3) + 70020/210. Suppose 5*x + z - 852 = 0, -33*x + 31*x - 3*z = -u. Calculate the greatest common divisor of x and 114.
57
Let v = 1892 + -1788. What is the highest common factor of 13000 and v?
104
Suppose 5*l = -0*l + 35. Let f = 264 - 256. Suppose 0 = -l*i + f + 167. What is the highest common divisor of 5 and i?
5
Let z be 42/3 - 2/1. Let b be -3374*7/(392/(-16)). Let g be b/10 - (-100)/(-250). Calculate the highest common factor of g and z.
12
Let s = -39 - -44. Let r(u) = 5*u**2 - 2*u + 11. Let h be r(s). Suppose 3*y + 6*f = 3*f + 42, 0 = -4*f. Calculate the greatest common factor of y and h.
14
Let a(c) = -4*c**3 - 4*c**2 + 25*c + 98. Let k be a(-8). What is the greatest common factor of k and 260?
130
Suppose 2*t - 16 = -2*s, -5*s - 9 = -2*t - 28. Suppose 3*b - 3*f = -369, t*b + b + 489 = 5*f. Let l = -110 - b. Calculate the highest common factor of l and 24.
8
Let n(d) = d**2 - 14*d - 2019. Let v be n(-41). Calculate the highest common factor of v and 5605.
59
Let q = -6459 - -6963. What is the greatest common factor of q and 7?
7
Let y = 10089 + -10062. What is the highest common divisor of 12933 and y?
27
Let w = -211 + 246. Let z be ((-81)/12)/((-20)/16 - -1). Suppose w*t = z*t + 928. Calculate the highest common divisor of t and 29.
29
Let o(u) = 2*u - 1. Let m = -120 + 126. Let p be o(m). Let i = 175 + -120. What is the highest common divisor of i and p?
11
Suppose -4*f + 48 = -2*f. Let n = 3247 + -3163. Calculate the greatest common factor of n and f.
12
Let t be (-2 + 1)*-211 + -1. Suppose 0 = -135*l + 154*l - 570. Calculate the greatest common divisor of l and t.
30
Suppose -3*w = 2*w + 145. Let o be 31 + w + (-1 - -1). Let l be 2 + o + 63/3. What is the highest common factor of l and 25?
25
Let q be (24/(-20))/(11/(-2310)*6). Calculate the greatest common divisor of 1029 and q.
21
Let i = -123 + 123. Suppose -9*d + 10*d = w, i = -4*d - w + 20. Calculate the highest common divisor of d and 3.
1
Let b(m) = -m**2 - 41*m - 39. Let s be b(-40). Let g be s + 0/(-5) - (-47 - -3). What is the greatest common divisor of g and 330?
15
Suppose -12*g = -179 - 181. Let y = -310 - -50. Let s = -20 - y. Calculate the highest common factor of s and g.
30
Let z be (-3 - -1)/(5/(-160)). Let s = -56 + z. Calculate the greatest common factor of s and 128.
8
Let a = 11 + -7. Let z(x) be the first derivative of 5*x**3/3 + 2*x**2 - 4*x - 25. Let f be z(a). Calculate the highest common factor of 23 and f.
23
Suppose -4*t - 5*r = -3*r - 1628, 3*r = -20*t + 8182. What is the highest common divisor of t and 190?
10
Let c = 796 + -762. Let a be 1330/26 + (-5 - (-189)/39). Calculate the highest common factor of a and c.
17
Let x = 70 - -253. Let q = -524 + 541. Calculate the greatest common factor of q and x.
17
Let w(c) = 2*c**2 + 171*c - 4105. Let v be w(21). What is the highest common divisor of v and 2806?
46
Let a be ((-340340)/357)/110*(-12)/13. Suppose 3*b = b + 32. What is the highest common factor of a and b?
8
Suppose -29 = 4*d - 1793. Suppose -11*r + d = -615. Calculate the greatest common divisor of r and 32.
32
Let k be -1*7 - 96/(-24). Let r(t) = -t**3 - 2*t**2 + 8. Let b be r(k). What is the highest common factor of 17 and b?
17
Suppose -4*x + 5*s = x, 0 = 2*x - 3*s. Suppose 4168 = 2*h + 4*v, 4*h - v - 6744 - 1601 = x. What is the highest common divisor of 14 and h?
14
Let x(y) = -12*y. Suppose 24*h - 20*h + 12 = 0. Let m be x(h). What is the highest common divisor of m and 9?
9
Let u = -24568 + 24588. What is the highest common factor of 1064 and u?
4
Let n(q) = -q**2 - 18*q - 1. Let t be n(-15). Let b = t - 46. Let c be (387*1)/3 + -1 + b. Calculate the highest common divisor of 14 and c.
14
Let p(l) = 2*l**3 + 10*l**2 + 11*l + 13. Let g be p(-4). Suppose 9*z - g = 71. Calculate the greatest common divisor of 40 and z.
8
Suppose 6*c = 321 - 171. Suppose o = -a - 5, 0*o - 4*o = 5*a + 21. Let t be (26 + a)*2/2. Calculate the highest common divisor of t and c.
25
Suppose 213*b = -100*b - 39243 + 183849. Calculate the greatest common factor of b and 1320.
66
Let w be 129/(-1)*950/(-150). Suppose -9 = -g + 10. Calculate the greatest common divisor of g and w.
19
Let m be 1/((-3 - -4)/55). Let d be (-9902)/(-20) + (-52)/520. What is the greatest common divisor of d and m?
55
